ivided by 16?
5
Calculate the remainder when 50 is divided by 6.
2
What is the remainder when 892 is divided by 90?
82
Calculate the remainder when 403 is divided by 7.
4
Calculate the remainder when 272 is divided by 69.
65
Calculate the remainder when 21 is divided by 2.
1
Calculate the remainder when 45 is divided by 37.
8
Calculate the remainder when 1223 is divided by 68.
67
What is the remainder when 819 is divided by 164?
163
What is the remainder when 733 is divided by 724?
9
Calculate the remainder when 168 is divided by 13.
12
What is the remainder when 585 is divided by 148?
141
What is the remainder when 426 is divided by 39?
36
Calculate the remainder when 137 is divided by 131.
6
Calculate the remainder when 2349 is divided by 44.
17
What is the remainder when 797 is divided by 47?
45
Calculate the remainder when 882 is divided by 426.
30
What is the remainder when 645 is divided by 129?
0
What is the remainder when 393 is divided by 36?
33
What is the remainder when 323 is divided by 57?
38
Calculate the remainder when 345 is divided by 60.
45
Calculate the remainder when 34 is divided by 16.
2
What is the remainder when 32 is divided by 19?
13
What is the remainder when 81 is divided by 14?
11
Calculate the remainder when 89 is divided by 10.
9
What is the remainder when 77 is divided by 15?
2
What is the remainder when 676 is divided by 171?
163
Calculate the remainder when 2742 is divided by 196.
194
Calculate the remainder when 1611 is divided by 87.
45
Calculate the remainder when 34 is divided by 23.
11
What is the remainder when 1407 is divided by 14?
7
What is the remainder when 23 is divided by 9?
5
Calculate the remainder when 1490 is divided by 188.
174
Calculate the remainder when 1220 is divided by 415.
390
What is the remainder when 976 is divided by 122?
0
What is the remainder when 704 is divided by 73?
47
What is the remainder when 6506 is divided by 84?
38
What is the remainder when 309 is divided by 31?
30
Calculate the remainder when 2367 is divided by 262.
9
Calculate the remainder when 52 is divided by 6.
4
What is the remainder when 136 is divided by 13?
6
Calculate the remainder when 691 is divided by 10.
1
Calculate the remainder when 106 is divided by 57.
49
Calculate the remainder when 26180 is divided by 26.
24
What is the remainder when 20 is divided by 8?
4
What is the remainder when 991 is divided by 324?
19
Calculate the remainder when 78 is divided by 14.
8
Calculate the remainder when 705 is divided by 56.
33
Calculate the remainder when 2847 is divided by 258.
9
Calculate the remainder when 358 is divided by 154.
50
What is the remainder when 502 is divided by 53?
25
What is the remainder when 2123 is divided by 118?
117
What is the remainder when 548 is divided by 18?
8
What is the remainder when 453 is divided by 117?
102
Calculate the remainder when 712 is divided by 118.
4
What is the remainder when 5117 is divided by 47?
41
Calculate the remainder when 472 is divided by 53.
48
Calculate the remainder when 40 is divided by 30.
10
Calculate the remainder when 278 is divided by 27.
8
What is the remainder when 40 is divided by 21?
19
What is the remainder when 159 is divided by 40?
39
What is the remainder when 200 is divided by 52?
44
Calculate the remainder when 106 is divided by 6.
4
Calculate the remainder when 85 is divided by 30.
25
What is the remainder when 884 is divided by 125?
9
What is the remainder when 635 is divided by 49?
47
Calculate the remainder when 35 is divided by 8.
3
Calculate the remainder when 575 is divided by 95.
5
Calculate the remainder when 99 is divided by 18.
9
Calculate the remainder when 5638 is divided by 209.
204
Calculate the remainder when 19905 is divided by 74.
73
What is the remainder when 645 is divided by 38?
37
What is the remainder when 4342 is divided by 86?
42
What is the remainder when 520 is divided by 512?
8
Calculate the remainder when 971 is divided by 895.
76
What is the remainder when 1124 is divided by 371?
11
What is the remainder when 512 is divided by 249?
14
Calculate the remainder when 648 is divided by 13.
11
Calculate the remainder when 30 is divided by 8.
6
Calculate the remainder when 553 is divided by 182.
7
What is the remainder when 1997 is divided by 80?
77
Calculate the remainder when 87 is divided by 73.
14
What is the remainder when 40 is divided by 14?
12
Calculate the remainder when 187 is divided by 99.
88
Calculate the remainder when 1101 is divided by 24.
21
What is the remainder when 19 is divided by 11?
8
What is the remainder when 115 is divided by 65?
50
Calculate the remainder when 83 is divided by 15.
8
Calculate the remainder when 313 is divided by 302.
11
Calculate the remainder when 96 is divided by 49.
47
Calculate the remainder when 1738 is divided by 25.
13
What is the remainder when 69 is divided by 25?
19
Calculate the remainder when 270 is divided by 69.
63
What is the remainder when 89 is divided by 6?
5
What is the remainder when 382 is divided by 10?
2
What is the remainder when 394 is divided by 79?
78
What is the remainder when 40 is divided by 2?
0
Calculate the remainder when 625 is divided by 221.
183
What is the remainder when 563 is divided by 139?
7
Calculate the remainder when 460 is divided by 46.
0
Calculate the remainder when 1771 is divided by 74.
69
Calculate the remainder when 2291 is divided by 65.
16
What is the remainder when 562 is divided by 35?
2
Calculate the remainder when 17595 is divided by 5864.
3
Calculate the remainder when 394 is divided by 100.
94
Calculate the remainder when 476 is divided by 12.
8
What is the remainder when 541 is divided by 91?
86
Calculate the remainder when 242 is divided by 27.
26
What is the remainder when 67622 is divided by 125?
122
What is the remainder when 590 is divided by 118?
0
Calculate the remainder when 38 is divided by 16.
6
Calculate the remainder when 407 is divided by 114.
65
Calculate the remainder when 77 is divided by 31.
15
What is the remainder when 828 is divided by 8?
4
Calculate the remainder when 93 is divided by 19.
17
Calculate the remainder when 2798 is divided by 684.
62
What is the remainder when 1565 is divided by 32?
29
Calculate the remainder when 6085 is divided by 70.
65
Calculate the remainder when 284 is divided by 24.
20
What is the remainder when 800 is divided by 264?
8
What is the remainder when 123 is divided by 98?
25
What is the remainder when 396 is divided by 100?
96
Calculate the remainder when 696 is divided by 17.
16
Calculate the remainder when 23642 is divided by 71.
70
Calculate the remainder when 129 is divided by 33.
30
Calculate the remainder when 942 is divided by 50.
42
What is the remainder when 194 is divided by 15?
14
Calculate the remainder when 141 is divided by 57.
27
Calculate the remainder when 77 is divided by 72.
5
What is the remainder when 113 is divided by 24?
17
Calculate the remainder when 212 is divided by 54.
50
What is the remainder when 193 is divided by 56?
25
Calculate the remainder when 107 is divided by 22.
19
What is the remainder when 69 is divided by 23?
0
Calculate the remainder when 54289 is divided by 49.
46
What is the remainder when 84 is divided by 23?
15
Calculate the remainder when 162 is divided by 59.
44
Calculate the remainder when 467 is divided by 68.
59
What is the remainder when 172 is divided by 45?
37
What is the remainder when 902 is divided by 292?
26
Calculate the remainder when 48 is divided by 5.
3
What is the remainder when 101 is divided by 13?
10
What is the remainder when 11366 is divided by 30?
26
Calculate the remainder when 1828 is divided by 230.
218
Calculate the remainder when 170 is divided by 32.
10
What is the remainder when 220 is divided by 28?
24
What is the remainder when 126 is divided by 47?
32
What is the remainder when 1007 is divided by 501?
5
What is the remainder when 8025 is divided by 36?
33
What is the remainder when 465 is divided by 30?
15
What is the remainder when 478 is divided by 442?
36
What is the remainder when 494 is divided by 33?
32
Calculate the remainder when 1042 is divided by 55.
52
What is the remainder when 284 is divided by 16?
12
Calculate the remainder when 23 is divided by 13.
10
What is the